of q and 23?
23
Suppose 3*q - 90 = 2*q. Let l = -189 - -225. What is the highest common factor of l and q?
18
Suppose -4*i = d + 17 - 118, 0 = 3*i + 5*d - 63. Suppose -5*o = -3*f - 47, -3*f + 0*f = -2*o + i. What is the greatest common divisor of o and 49?
7
Let l(u) = u**2 + 8*u + 9. Let i be l(-7). Let y(m) = -m**2 - 5*m + 2. Let g be y(-5). Calculate the greatest common factor of i and g.
2
Let p(j) = 10*j - 2. Let f be p(2). Calculate the highest common factor of f and 12.
6
Let z(b) = -b**2 + 4*b + 2. Let u be z(4). Let f(q) = 8*q**2. Let d be f(1). What is the greatest common factor of u and d?
2
Let t(p) = p**3 + 6*p**2 + 2*p - 3. Let z be t(-5). What is the greatest common divisor of 132 and z?
12
Suppose -2*o - 1 + 3 = 0. Let l be (-1)/(1/(-8)) - o. Let u(n) = 3*n - 6. Let q be u(l). Calculate the highest common divisor of 5 and q.
5
Let w be (0 - 1)/((-3)/6). Suppose 2*o + 42 = 5*o. Calculate the highest common divisor of w and o.
2
Let d(c) = c**3 - 10*c**2 - 4*c + 14. Let u be d(11). What is the highest common factor of 13 and u?
13
Let k = 10 + -17. Let c be ((-7)/(-2))/(k/(-294)). Calculate the greatest common factor of c and 21.
21
Let d = 9 + -7. Suppose -13 = d*m - 3*m. Calculate the highest common factor of m and 65.
13
Let h be ((-9)/(-6))/(1/(-2)). Let p(x) = 2*x**2 + 4*x - 1. Let t be p(h). Let j = 110 + -70. What is the highest common divisor of t and j?
5
Suppose 5*t - 132 = -32. What is the highest common factor of 30 and t?
10
Let n(q) = -q**2 - 9*q - 6. Let d be n(-8). Suppose -3 = -z + 2. Suppose 1 - z = -g - 2*a, -4*g = 3*a - 26. What is the greatest common factor of g and d?
2
Suppose -5*y = -2*y - 4*s + 16, 2*y - 16 = -4*s. Suppose y = -4*z - 0*z + 40. Calculate the highest common divisor of z and 10.
10
Suppose -3*u = -4*u + 19. Suppose -24*z + u*z + 130 = 0. What is the greatest common divisor of 39 and z?
13
Suppose 2*a - 10 = -3*o, 34 = 4*a + a + 3*o. Let n be -18*6/a*-2. What is the greatest common factor of n and 9?
9
Suppose h - 12 - 3 = 0. Suppose 5*m + 2*o - 43 = 23, m + o - h = 0. Let j be 1/(0 + 1)*3. Calculate the highest common divisor of j and m.
3
Let f = -62 - -125. What is the greatest common factor of f and 21?
21
Let j be (-1 - (-2)/6)/(2/(-600)). Calculate the highest common divisor of 80 and j.
40
Let r = -18 + 22. What is the greatest common divisor of 4 and r?
4
Let q be -3 - -7 - -2*1. Suppose -5*t - 2*c + 6*c + 12 = 0, 2*t = 2*c + q. Suppose 2*r + 2*r - 48 = t. What is the greatest common divisor of r and 24?
12
Let i = 3 + 4. Calculate the highest common factor of i and 56.
7
Let p(q) = 5*q. Let x = -10 + 15. Let m be p(x). Calculate the greatest common divisor of 25 and m.
25
Let q(t) = -t + 36. Let v be (-1)/(-3) - (-484)/33. Let w be q(v). What is the greatest common divisor of 168 and w?
21
Let s(u) = -u**2 - 3*u + 4. Let z be s(-3). Suppose 5*k - 27 = 3*x, -3*k + x + 15 = 2. Suppose 28 - z = k*p. What is the greatest common factor of p and 40?
8
Suppose -5*t + 3*t + 64 = 0. What is the greatest common factor of t and 8?
8
Suppose -3*r - 5 = -0*r - 5*z, -z - 2 = 0. Let w = 14 + r. Let o be (2 - 1) + 6 + -1. Calculate the highest common factor of w and o.
3
Let w(p) = p**3 + 13*p**2 + 5*p - 3. Let t be w(-12). Let f = -12 - -21. Calculate the greatest common divisor of t and f.
9
Suppose d - 142 = 34. Calculate the greatest common divisor of 22 and d.
22
Suppose -5 = -2*r + r. Let y = 10 + -5. What is the greatest common divisor of y and r?
5
Suppose -5*d = -2*d - 126. Suppose 0 = 4*z - 6 - d. Calculate the highest common divisor of z and 3.
3
Let l(d) = 35*d + 2. Let m be l(10). Calculate the highest common divisor of m and 32.
32
Suppose -25*c + 27*c = 12. What is the greatest common factor of 102 and c?
6
Let l be (-758)/(-7) - (-12)/(-42). Suppose -m = 2*m - l. Calculate the highest common divisor of 54 and m.
18
Let c(i) = i + 36. Let m be c(0). Let n = -3 + 12. Calculate the greatest common divisor of m and n.
9
Suppose 0 = r + 1 + 4. Let z = -2 - r. Calculate the highest common divisor of 12 and z.
3
Let o be ((-4)/8)/(1 - (-54)/(-52)). What is the highest common factor of 208 and o?
13
Let h be -1*0/(3 - 6). Suppose h = 2*q - 4*q + 10. Suppose 2*g + 3*g = 5*k - 75, 30 = q*k + 4*g. What is the greatest common divisor of 90 and k?
10
Let s(f) = f**3 - 6*f**2 + 5*f - 26. Let z be s(6). Calculate the greatest common factor of z and 3.
1
Suppose -2*b + 6*b = -5*q + 84, -b = -3*q - 4. What is the greatest common factor of b and 64?
16
Let b be (-5)/(-25) - (-19)/5. Let z be 0*(-2)/b*1. Suppose 0 = -z*h - 5*h + 50. What is the greatest common divisor of h and 50?
10
Suppose 3*b - 2 = 40. Calculate the highest common factor of b and 14.
14
Suppose 6*f + 21 = 3*f + 5*w, -5*f + 5*w - 25 = 0. Let k be 1 - 2 - (2 + f). Let b be 34 - (-1 - (k + 2)). Calculate the greatest common divisor of 24 and b.
12
Suppose -4*h + h = j + 43, 5*h - 157 = 3*j. Let l = j - -139. What is the highest common divisor of l and 18?
18
Let j(w) = -w**2 - 4*w + 2. Let i be j(-5). Let z = 4 + i. Let f be (1/(-3))/(1/(-9)). What is the greatest common factor of f and z?
1
Let m(w) = w**3 - 4*w**2 + 4*w - 1. Let g be m(3). Suppose -3*y = 5*i - 109, 2*i = 7*y - g*y + 25. Calculate the greatest common factor of i and 8.
4
Let f(y) be the first derivative of -y**2/2 - 4*y - 4. Let n be f(-9). Calculate the highest common divisor of 45 and n.
5
Let h = 8 - -4. Let z = 5 + -2. Let f be (z - (0 + -3)) + -2. Calculate the highest common factor of f and h.
4
Suppose 5*g = -2*u + 1, -2*g - 85 + 23 = -4*u. Calculate the greatest common factor of 104 and u.
13
Suppose 0*z + 3*z = 30. What is the greatest common factor of z and 70?
10
Let k(x) = x**2 - x - 2. Let j = -4 - -1. Let m be k(j). Let d(l) = -6*l**3 + 2. Let h be d(-2). Calculate the greatest common factor of m and h.
10
Let c be 364/8 - 2/4. Let s = -117 - -126. What is the highest common factor of c and s?
9
Let w(p) = p**2 + p - 4. Let m be w(2). What is the greatest common factor of 6 and m?
2
Let z be (-2)/6*(-42 - -6). What is the highest common factor of 36 and z?
12
Let a = 3 + 1. Suppose -5*h + 18 = 2*v, -a*v + 4*h + 11 = 3. Suppose v*u = 4*w + 2*u - 28, 4 = u. What is the greatest common divisor of 36 and w?
9
Let k = -90 - -154. Calculate the greatest common factor of k and 8.
8
Let g = -157 + 269. Calculate the highest common divisor of g and 14.
14
Let b(v) = -v. Let f be b(0). Suppose f = 5*g + 5, 3*x + 4*g - 3*g - 65 = 0. Calculate the greatest common divisor of x and 2.
2
Let b(j) = -2*j**2 + 6*j - 4. Let y(k) = 2*k**2 - 6*k + 4. Let f(q) = 2*b(q) + 3*y(q). Let l be f(-5). Calculate the highest common factor of l and 14.
14
Let x(l) = -l**2 - 19*l + 2. Let p be x(-14). What is the greatest common divisor of 8 and p?
8
Suppose 5*o = -5*f - 2 + 12, 4*f + o - 8 = 0. Let p(d) = 16*d**2 - d + 2. Let i be p(f). Calculate the highest common factor of 16 and i.
16
Suppose -26*t + 22*t + 448 = 0. Calculate the greatest common factor of 16 and t.
16
Suppose 4*b - b = 105. Let d = b - -73. Calculate the greatest common divisor of d and 12.
12
Let s be 1/(0 - 1/(-2)). Let v be 528/(-20)*(-15)/s. What is the highest common divisor of 18 and v?
18
Let d = -27 + 41. Suppose r - 4 - d = 0. What is the highest common divisor of r and 2?
2
Let w be 2 + (31 + -3 - 3). Calculate the highest common factor of 297 and w.
27
Suppose -2*n + 247 = -3*u, -3*n = -2*n + 2*u - 134. Calculate the greatest common divisor of 32 and n.
32
Suppose -3*j + 195 = 3*a - 2*j, -4*a - 4*j = -268. Let q(t) = t**3 + 9*t**2 - 2*t - 10. Let b be q(-9). Calculate the highest common factor of b and a.
8
Suppose -f - 2 = -o, -2*f - 2*o - 2 = -7*f. Suppose 10 = 4*c - f. Let r(i) = -i**2 + 3*i + 5. Let g be r(4). Calculate the highest common divisor of c and g.
1
Suppose 0 = 3*r - 194 - 166. Calculate the greatest common divisor of r and 15.
15
Suppose 420 = 5*h + 9*h. Calculate the greatest common factor of 110 and h.
10
Suppose t - 2 = 0, -4*y - 4*t + 402 + 186 = 0. Calculate the highest common factor of y and 29.
29
Suppose -6*d + 14 + 118 = 0. What is the highest common divisor of d and 55?
11
Suppose -o + 2*h = -6*o, 2*o + 5*h = 0. Suppose 5*k - 23 - 7 = o. Calculate the highest common factor 